{"id":2946,"date":"2021-06-29T11:37:45","date_gmt":"2021-06-29T09:37:45","guid":{"rendered":"https:\/\/www.terminologia.it\/?page_id=2946"},"modified":"2024-12-03T17:44:52","modified_gmt":"2024-12-03T16:44:52","slug":"italiano-language-toolkit","status":"publish","type":"page","link":"https:\/\/www.terminologia.it\/index.php\/companies\/italiano-language-toolkit\/","title":{"rendered":"(Italiano) Language Toolkit"},"content":{"rendered":"<style>\/*! elementor - v3.19.0 - 05-02-2024 *\/<br \/>.elementor-heading-title{padding:0;margin:0;line-height:1}.elementor-widget-heading .elementor-heading-title[class*=elementor-size-]>a{color:inherit;font-size:inherit;line-height:inherit}.elementor-widget-heading .elementor-heading-title.elementor-size-small{font-size:15px}.elementor-widget-heading .elementor-heading-title.elementor-size-medium{font-size:19px}.elementor-widget-heading .elementor-heading-title.elementor-size-large{font-size:29px}.elementor-widget-heading .elementor-heading-title.elementor-size-xl{font-size:39px}.elementor-widget-heading .elementor-heading-title.elementor-size-xxl{font-size:59px}<\/style>\n<h1>language toolkit<\/h1>\n<style>\/*! elementor - v3.19.0 - 05-02-2024 *\/<br \/>.elementor-column .elementor-spacer-inner{height:var(--spacer-size)}.e-con{--container-widget-width:100%}.e-con-inner>.elementor-widget-spacer,.e-con>.elementor-widget-spacer{width:var(--container-widget-width,var(--spacer-size));--align-self:var(--container-widget-align-self,initial);--flex-shrink:0}.e-con-inner>.elementor-widget-spacer>.elementor-widget-container,.e-con>.elementor-widget-spacer>.elementor-widget-container{height:100%;width:100%}.e-con-inner>.elementor-widget-spacer>.elementor-widget-container>.elementor-spacer,.e-con>.elementor-widget-spacer>.elementor-widget-container>.elementor-spacer{height:100%}.e-con-inner>.elementor-widget-spacer>.elementor-widget-container>.elementor-spacer>.elementor-spacer-inner,.e-con>.elementor-widget-spacer>.elementor-widget-container>.elementor-spacer>.elementor-spacer-inner{height:var(--container-widget-height,var(--spacer-size))}.e-con-inner>.elementor-widget-spacer.elementor-widget-empty,.e-con>.elementor-widget-spacer.elementor-widget-empty{position:relative;min-height:22px;min-width:22px}.e-con-inner>.elementor-widget-spacer.elementor-widget-empty .elementor-widget-empty-icon,.e-con>.elementor-widget-spacer.elementor-widget-empty .elementor-widget-empty-icon{position:absolute;top:0;bottom:0;left:0;right:0;margin:auto;padding:0;width:22px;height:22px}<\/style>\n<h2>Language Toolkit<\/h2>\n<h3>Il Progetto Language Toolkit per aziende<\/h3>\n<p style=\"font-size: 14px; font-style: normal; font-weight: 400;\"><em>Language Toolkit<\/em>\u00a0\u00e8 un\u2019iniziativa congiunta del Dipartimento di Interpretazione e Traduzione di Forl\u00ec (Universit\u00e0 di Bologna) e della\u00a0<a href=\"https:\/\/www.romagna.camcom.it\/\">Camera di Commercio della Romagna<\/a>. Lanciata nell\u2019Anno Accademico 2013\/2014, ha l\u2019obiettivo di promuovere l\u2019uso delle lingue straniere per l\u2019internazionalizzazione delle PMI nella provincia di Forl\u00ec-Cesena e Rimini.<\/p>\n<p style=\"font-size: 14px; font-style: normal; font-weight: 400;\">In particolare, promuove e supporta l\u2019internazionalizzazione delle PMI locali fornendo loro servizi linguistici e competenze di alto livello (sotto forma di tirocini di 300 ore di studenti della laurea magistrale), e allo stesso tempo apre nuove opportunit\u00e0 ai giovani laureati, che hanno la possibilit\u00e0 di entrare a contatto con il mondo del lavoro.<\/p>\n<p style=\"font-size: 14px; font-style: normal; font-weight: 400;\">Come fare domanda (per studenti)<\/p>\n<p style=\"font-size: 14px; font-style: normal; font-weight: 400;\">Se siete studentesse o studenti, consultate la pagina dedicata per\u00a0<a href=\"https:\/\/www.terminologia.it\/index.php\/students\/the-language-toolkit-scheme\/?lang=it\">ulteriori dettagli<\/a>.<\/p>\n<p style=\"font-size: 14px; font-style: normal; font-weight: 400;\">Come fare domanda (per aziende)<\/p>\n<p style=\"font-size: 14px; font-style: normal; font-weight: 400;\">Potete mettervi in contatto con la Camera di Commercio della Romagna (per maggiori informazioni consultate la\u00a0<a href=\"https:\/\/www.romagna.camcom.it\/internazionalizzazione\/progetti-per-lestero\/language-toolkit-viii-edizione\/index.htm?ID_D=9643\">pagina dedicata<\/a>\u00a0sul loro\u00a0sito web) oppure potete scrivere un\u2019e-mail ai contatti in fondo alla pagina.<\/p>\n<p style=\"font-size: 14px; font-style: normal; font-weight: 400;\">Se volete avviare un tirocinio in collaborazione con il LabTerm, sono disponibili\u00a0<a href=\"https:\/\/www.terminologia.it\/?page_id=61&amp;preview=true\">tre ulteriori modalit\u00e0<\/a>.<\/p>\n<p style=\"font-size: 14px; font-style: normal; font-weight: 400;\">In caso di ulteriori dubbi o domande, non esitate a\u00a0<a href=\"https:\/\/www.terminologia.it\/index.php\/contacts\/\">contattarci<\/a>!<\/p>\n<p style=\"font-size: 14px; font-style: normal; font-weight: 400;\">Claudia Lecci:\u00a0<a href=\"mailto:claudia.lecci2@unibo.it\">claudia.lecci2@unibo.it<\/a><br \/>\nMaja Milicevic Petrovic: <a href=\"mailto:maja.milicevic2@unibo.it\">maja.milicevic2@unibo.it<\/a><\/p>\n<h3>Storie di collaborazioni<\/h3>\n<h3>Alcune aziende che hanno partecipato al progetto in passato<\/h3>\n<p><img fetchpriority=\"high\" decoding=\"async\" src=\"https:\/\/www.terminologia.it\/wp-content\/uploads\/2021\/12\/Chiara-Micucci.jpg\" alt=\"\" width=\"300\" height=\"225\" \/><\/p>\n<p><img decoding=\"async\" src=\"https:\/\/www.terminologia.it\/wp-content\/uploads\/2022\/01\/logo_GRUPPO_SGR_ORIZZ_bianco-300x128.png\" sizes=\"(max-width: 300px) 100vw, 300px\" srcset=\"https:\/\/www.terminologia.it\/wp-content\/uploads\/2022\/01\/logo_GRUPPO_SGR_ORIZZ_bianco-300x128.png 300w, https:\/\/www.terminologia.it\/wp-content\/uploads\/2022\/01\/logo_GRUPPO_SGR_ORIZZ_bianco.png 585w\" alt=\"\" width=\"300\" height=\"128\" \/><\/p>\n<p>&#8220;Ci rende particolarmente orgogliosi aver legato il nome di SGR a quello di una giovane e brillante studentessa, <a href=\"https:\/\/www.terminologia.it\/index.php\/students\/the-language-toolkit-scheme\/?lang=it\"><strong>Chiara Micucci<\/strong><\/a>, che si affaccia al mondo del lavoro \u2013 dichiara <strong>Micaela Dionigi, Presidente di Gruppo SGR<\/strong> \u2013 con la premessa di una sensibilit\u00e0 verso le azioni di responsabilit\u00e0 sociale. Cos\u00ec come ci rende orgogliosi il fatto che abbia scelto per la sua tesi il nostro bilancio di sostenibilit\u00e0 e apprezzandone la qualit\u00e0 delle iniziative messe in campo a favore del territorio. SGR guarda con attenzione al mondo giovanile e alla cultura, elementi che caratterizzano anche il progetto \u2018Language Toolkit\u2019. Mettere gli studenti, in uscita dal loro percorso di studio, alla prova con esperienze aziendali consolidate fornisce ai ragazzi degli strumenti preziosi per costruire il proprio futuro&#8221;.<\/p>\n<h4>Gruppo SGR &#8211; Societ\u00e0 Gas Rimini<\/h4>\n<h4>Gruppo Societ\u00e0 Gas Rimini &#8211; Rimini (RN)<br \/>\nProgetto Language Toolkit Edizione 2020 &#8211; 21<\/h4>\n","protected":false},"excerpt":{"rendered":"<p>language toolkit Language Toolkit Il Progetto Language Toolkit per aziende Language Toolkit\u00a0\u00e8 un\u2019iniziativa congiunta del Dipartimento di Interpretazione e Traduzione di Forl\u00ec (Universit\u00e0 di Bologna) e della\u00a0Camera di Commercio della Romagna. Lanciata nell\u2019Anno Accademico 2013\/2014, ha l\u2019obiettivo di promuovere l\u2019uso delle lingue straniere per l\u2019internazionalizzazione delle PMI nella provincia di Forl\u00ec-Cesena e Rimini. In particolare, [&hellip;]<\/p>\n","protected":false},"author":9,"featured_media":0,"parent":14,"menu_order":0,"comment_status":"closed","ping_status":"closed","template":"","meta":{"site-sidebar-layout":"default","site-content-layout":"default","ast-site-content-layout":"default","site-content-style":"default","site-sidebar-style":"default","ast-global-header-display":"","ast-banner-title-visibility":"","ast-main-header-display":"","ast-hfb-above-header-display":"","ast-hfb-below-header-display":"","ast-hfb-mobile-header-display":"","site-post-title":"disabled","ast-breadcrumbs-content":"","ast-featured-img":"","footer-sml-layout":"","ast-disable-related-posts":"","theme-transparent-header-meta":"default","adv-header-id-meta":"","stick-header-meta":"","header-above-stick-meta":"","header-main-stick-meta":"","header-below-stick-meta":"","astra-migrate-meta-layouts":"set","ast-page-background-enabled":"default","ast-page-background-meta":{"desktop":{"background-color":"","background-image":"","background-repeat":"repeat","background-position":"center center","background-size":"auto","background-attachment":"scroll","background-type":"","background-media":"","overlay-type":"","overlay-color":"","overlay-opacity":"","overlay-gradient":""},"tablet":{"background-color":"","background-image":"","background-repeat":"repeat","background-position":"center center","background-size":"auto","background-attachment":"scroll","background-type":"","background-media":"","overlay-type":"","overlay-color":"","overlay-opacity":"","overlay-gradient":""},"mobile":{"background-color":"","background-image":"","background-repeat":"repeat","background-position":"center center","background-size":"auto","background-attachment":"scroll","background-type":"","background-media":"","overlay-type":"","overlay-color":"","overlay-opacity":"","overlay-gradient":""}},"ast-content-background-meta":{"desktop":{"background-color":"var(--ast-global-color-5)","background-image":"","background-repeat":"repeat","background-position":"center center","background-size":"auto","background-attachment":"scroll","background-type":"","background-media":"","overlay-type":"","overlay-color":"","overlay-opacity":"","overlay-gradient":""},"tablet":{"background-color":"var(--ast-global-color-5)","background-image":"","background-repeat":"repeat","background-position":"center center","background-size":"auto","background-attachment":"scroll","background-type":"","background-media":"","overlay-type":"","overlay-color":"","overlay-opacity":"","overlay-gradient":""},"mobile":{"background-color":"var(--ast-global-color-5)","background-image":"","background-repeat":"repeat","background-position":"center center","background-size":"auto","background-attachment":"scroll","background-type":"","background-media":"","overlay-type":"","overlay-color":"","overlay-opacity":"","overlay-gradient":""}},"footnotes":""},"class_list":["post-2946","page","type-page","status-publish","hentry"],"_links":{"self":[{"href":"https:\/\/www.terminologia.it\/index.php\/wp-json\/wp\/v2\/pages\/2946","targetHints":{"allow":["GET"]}}],"collection":[{"href":"https:\/\/www.terminologia.it\/index.php\/wp-json\/wp\/v2\/pages"}],"about":[{"href":"https:\/\/www.terminologia.it\/index.php\/wp-json\/wp\/v2\/types\/page"}],"author":[{"embeddable":true,"href":"https:\/\/www.terminologia.it\/index.php\/wp-json\/wp\/v2\/users\/9"}],"replies":[{"embeddable":true,"href":"https:\/\/www.terminologia.it\/index.php\/wp-json\/wp\/v2\/comments?post=2946"}],"version-history":[{"count":32,"href":"https:\/\/www.terminologia.it\/index.php\/wp-json\/wp\/v2\/pages\/2946\/revisions"}],"predecessor-version":[{"id":5916,"href":"https:\/\/www.terminologia.it\/index.php\/wp-json\/wp\/v2\/pages\/2946\/revisions\/5916"}],"up":[{"embeddable":true,"href":"https:\/\/www.terminologia.it\/index.php\/wp-json\/wp\/v2\/pages\/14"}],"wp:attachment":[{"href":"https:\/\/www.terminologia.it\/index.php\/wp-json\/wp\/v2\/media?parent=2946"}],"curies":[{"name":"wp","href":"https:\/\/api.w.org\/{rel}","templated":true}]}}